 base 9?
-1773
What is 3034234 (base 5) in base 2?
1100000010100111
270 (base 8) to base 11
158
What is -655 (base 9) in base 14?
-2a4
What is acd (base 14) in base 13?
c89
Convert 332 (base 8) to base 9.
262
-650 (base 16) to base 7
-4466
What is -5222 (base 6) in base 10?
-1166
What is -7a (base 15) in base 9?
-137
What is 1037 (base 16) in base 13?
1b74
Convert -5998 (base 14) to base 2.
-11110100000010
What is 2924 (base 15) in base 9?
13067
What is 51235 (base 11) in base 15?
1727b
What is -15051 (base 8) in base 7?
-25345
13e9 (base 16) to base 6
35333
111000001000110 (base 2) to base 14
a690
-849 (base 11) to base 3
-1101211
Convert 110100212 (base 3) to base 10.
9014
What is 54523 (base 9) in base 14?
d25d
1133 (base 5) to base 2
10101000
What is -63551 (base 10) in base 8?
-174077
Convert 220 (base 14) to base 8.
644
Convert -12102211 (base 4) to base 9.
-38307
26 (base 14) to base 10
34
-14234 (base 6) to base 5
-33004
What is 3614 (base 12) in base 9?
8277
Convert 2a28 (base 15) to base 3.
110101202
43322 (base 5) to base 12
186a
Convert -342 (base 5) to base 4.
-1201
Convert 17dd1 (base 14) to base 10.
60355
What is 75b (base 16) in base 5?
30013
-6055 (base 11) to base 4
-1331232
-879 (base 10) to base 11
-72a
7b2 (base 13) to base 12
928
Convert 250614 (base 7) to base 9.
68886
Convert 1435 (base 9) to base 5.
13320
Convert 10001102210 (base 3) to base 12.
2a940
1221220 (base 3) to base 7
4110
-12226 (base 7) to base 4
-302011
What is -1706 (base 11) in base 8?
-4210
Convert 13340 (base 5) to base 9.
1446
Convert d546 (base 14) to base 9.
55323
192 (base 13) to base 3
101200
Convert 39d (base 16) to base 2.
1110011101
-24403 (base 9) to base 10
-16365
-12103131 (base 4) to base 11
-18444
5477 (base 9) to base 5
112124
Convert -10300 (base 4) to base 5.
-2204
Convert -449 (base 16) to base 7.
-3125
What is 16782 (base 9) in base 5?
332301
-167 (base 14) to base 6
-1155
What is -13001332 (base 4) in base 3?
-1110111121
What is -15120 (base 6) in base 3?
-10022210
What is 500 (base 9) in base 14?
20d
What is -34324 (base 5) in base 8?
-4640
Convert b3c6 (base 14) to base 5.
1442241
Convert -1049 (base 11) to base 7.
-4015
-3d7 (base 15) to base 7
-2362
Convert -102032 (base 4) to base 3.
-1121012
What is 1111000 (base 2) in base 9?
143
Convert 170 (base 8) to base 12.
a0
Convert 21788 (base 10) to base 5.
1144123
Convert 21033 (base 4) to base 13.
366
Convert 6bc (base 14) to base 5.
20332
-11010111 (base 2) to base 7
-425
-3370 (base 12) to base 16
-1644
111202 (base 3) to base 14
1c7
Convert 1100010111 (base 2) to base 14.
407
What is 154 (base 6) in base 3?
2121
Convert -122 (base 15) to base 4.
-10001
What is 15223 (base 10) in base 11?
1048a
-2210 (base 11) to base 10
-2915
What is -370 (base 8) in base 12?
-188
200220 (base 3) to base 5
4020
What is 245 (base 13) in base 9?
478
43 (base 7) to base 16
1f
18468 (base 9) to base 12
748b
What is 1010000111 (base 2) in base 5?
10042
2445 (base 10) to base 16
98d
Convert -15373 (base 9) to base 7.
-42441
1322 (base 5) to base 10
212
Convert 644 (base 9) to base 5.
4101
-ba (base 15) to base 12
-127
-926 (base 11) to base 13
-67c
What is e8 (base 16) in base 8?
350
-110100120 (base 3) to base 10
-9006
-6235 (base 7) to base 12
-131a
Convert -1101010010 (base 2) to base 7.
-2323
114451 (base 6) to base 8
23577
Convert -3465 (base 7) to base 15.
-59c
What is -1139 (base 15) in base 5?
-104104
Convert 8628 (base 12) to base 14.
5516
What is -221000002 (base 3) in base 6?
-220215
Convert -601 (base 7) to base 4.
-10213
What is 22e (base 15) in base 13?
2c0
Convert -211302 (base 4) to base 9.
-3276
-322056 (base 7) to base 6
-1111010
Convert 196a9 (base 12) to base 7.
213456
What is 75 (base 11) in base 9?
101
Convert -1243 (base 7) to base 9.
-574
Convert 222222 (base 3) to base 6.
3212
Convert -4013 (base 5) to base 9.
-624
What is -120332 (base 4) in base 13?
-95c
What is -448 (base 11) in base 14?
-2a4
-2311 (base 5) to base 3
-110021
What is 6524 (base 7) in base 4?
210101
Convert -17508 (base 12) to base 3.
-1201000222
1414 (base 5) to base 15
109
2011011 (base 3) to base 7
4402
611 (base 10) to base 7
1532
Convert 101011100 (base 2) to base 14.
1ac
-5628 (base 15) to base 5
-1041023
Convert -2512 (base 6) to base 5.
-4440
What is 80b3 (base 13) in base 14?
665c
10754 (base 8) to base 4
1013230
What is 1012 (base 6) in base 15?
ee
Convert 10111012 (base 3) to base 4.
213233
-655 (base 15) to base 13
-860
Convert -22231 (base 4) to base 2.
-1010101101
What is -a624 (base 16) in base 4?
-22120210
What is 129b6 (base 14) in base 6?
552100
-1101010011 (base 2) to base 5
-11401
What is a8ac (base 13) in base 9?
35161
What is 7760 (base 15) in base 8?
61312
1242 (base 5) to base 11
16a
121 (base 8) to base 10
81
359 (base 15) to base 13
465
4121 (base 6) to base 2
1110010001
Convert 144 (base 7) to base 9.
100
What is 41 (base 7) in base 11?
27
Convert -c02 (base 14) to base 11.
-1850
What is 6776 (base 9) in base 11?
3845
What is -2b5 (base 16) in base 11?
-580
15d (base 15) to base 14
185
What is 544 (base 6) in base 7?
415
What is 24 (base 12) in base 7?
40
What is -11202 (base 3) in base 12?
-a8
2052 (base 8) to base 9
1414
Convert -a87 (base 15) to base 5.
-34002
Convert -4427 (base 14) to base 13.
-54a4
-3211221 (base 4) to base 16
-3969
Convert 174 (base 14) to base 10.
298
Convert -143654 (base 8) to base 11.
-3544a
-112001 (base 4) to base 15
-63e
What is -70d (base 16) in base 14?
-92d
-10101100000 (base 2) to base 8
-2540
200142 (base 5) to base 4
1202121
What is -1851 (base 11) in base 8?
-4463
-121 (base 8) to base 15
-56
What is 14641 (base 12) in base 11?
1a505
What is -2582 (base 12) in base 15?
-13ee
10352 (base 6) to base 7
4121
What is 3433 (base 7) in base 14?
653
Convert 121 (base 16) to base 8.
441
What is -22411 (base 5) in base 2?
-11001000110
Convert -1022105 (base 6) to base 4.
-30020321
Convert -401420 (base 6) to base 3.
-1121011210
Convert -8862 (base 10) to base 13.
-4059
Convert 3b83 (base 13) to base 12.
4b51
-200 (base 10) to base 14
-104
What is 1122 (base 3) in base 12?
38
Convert -55 (base 14) to base 12.
-63
Convert 241232 (base 5) to base 6.
105222
What is 4725 (base 9) in base 12?
2042
Convert -17335 (base 13) to base 4.
-22313023
-11000001011000 (base 2) to base 4
-3001120
-2234 (base 5) to base 8
-477
What is 1dba (base 16) in base 2?
1110110111010
What is -311 (base 7) in base 13?
-bc
Convert 25202 (base 7) to base 16.
19d9
-3042 (base 9) to base 15
-9d5
101101001 (base 2) to base 4
11221
6132 (base 9) to base 2
1000110000100
What is -34347 (base 11) in base 14?
-14153
256 (base 7) to base 5
1024
117 (base 8) to base 3
2221
Convert 321 (base 4) to base 3.
2010
Convert -45848 (base 9) to base 10.
-30581
What is -2423123 (base 5) in base 3?
-2022021222
Convert -2200100 (base 3) to base 13.
-b73
Convert 8165 (base 9) to base 7.
23261
Convert -4815 (base 10) to base 12.
-2953
Convert 22202 (base 4) to base 10.
674
Convert 10222002 (base 3) to base 13.
1415
What is 20101 (base 3) in base 11?
147
Convert 341 (base 8) to base 4.
3201
What is 1b1 (base 14) in base 13?
210
What is 100110101010 (base 2) in base 11?
194a
Convert -410 (base 15) to base 16.
-393
What is 1101111011 (base 2) in base 14?
479
-137eb (base 16) to base 4
-103133223
3589 (base 11) to base 13
21a2
Convert -4124 (base 8) to base 6.
-13512
What is -493 (base 16) in base 7?
-3262
What is ad (base 16) in base 6?
445
24343 (base 7) to base 9
8637
What is -690 (base 11) in base 2?
-1100111001
What is 1364 (base 9) in base 14?
538
-1221 (base 13) to base 11
-1a1a
Convert -66 (base 14) to base 2.
-1011010
What is 111212 (base 3) in base 11?
310
What is 11230 (base 5) in base 11?
681
-1221 (base 8) to base 14
-34d
Convert -410 (base 16) to base 12.
-728
What is -1501 (base 6) in base 4?
-12031
What is -3230140 (base 5) in base 6?
-1102501
Convert -1121 (base 9) to base 8.
-1475
What is -17181 (base 13) in base 4?
-22302312
What is 10110111011 (base 2) in base 10?
1467
What is 212 (base 10) in base 16?
d4
What is -12618 (base 11) in base 2?
-100011010000000
Convert cb7 (base 16) to base 12.
1a73
Convert 12511 (base 6) to base 13.
b44
100011101000 (base 2) to base 3
10010110
Convert 10014 (